7?
7bbc50
In base 11, what is -1123a488 - 16?
-1123a4a3
In base 5, what is -1 + 43310420?
43310414
In base 4, what is -1102021 + 1311100?
203013
In base 16, what is -87e - d1f?
-159d
In base 4, what is 220021020000132 + 10?
220021020000202
In base 9, what is -226 + -1852?
-2178
In base 12, what is 2ab4 + -632?
2482
In base 4, what is -11 + 22002330122311?
22002330122300
In base 3, what is 12 + -112221110010121?
-112221110010102
In base 10, what is 1 - 161606362?
-161606361
In base 2, what is -110000111 - 11000011110101?
-11001001111100
In base 8, what is -1245421 + -454?
-1246075
In base 2, what is 111 + -10101111101000010010000?
-10101111101000010001001
In base 4, what is -20120232 - 1000023?
-21120321
In base 9, what is 14781 + 42?
14833
In base 12, what is 23b2 - -1380?
3772
In base 5, what is 2043334 - 1222112?
321222
In base 11, what is -23336224 + -6?
-2333622a
In base 2, what is 110111111010000 + -100011000?
110111010111000
In base 11, what is -2 + -63901981?
-63901983
In base 2, what is -101 + 111010001011111010111111010?
111010001011111010111110101
In base 8, what is 0 - -1166471313?
1166471313
In base 16, what is b7a - -efe?
1a78
In base 7, what is -5 + -45411104?
-45411112
In base 10, what is 5 - -2263456?
2263461
In base 2, what is -11010000010101101 - 11001000110010?
-11101001011011111
In base 15, what is 6a + d490?
d50a
In base 4, what is -1222220 + -121333?
-2010213
In base 3, what is -222 - 12110220011?
-12110221010
In base 3, what is 20221220101002 - -12?
20221220101021
In base 6, what is 1532 + -323525?
-321553
In base 12, what is 3 - -114b4156?
114b4159
In base 6, what is -124 - 231224?
-231352
In base 4, what is 20033 - 1210321?
-1130222
In base 16, what is -16f1 + -618?
-1d09
In base 12, what is a20ab0 - -2?
a20ab2
In base 15, what is -8898c9e - 3?
-8898ca2
In base 12, what is 38 - 50a89?
-50a51
In base 12, what is -a07b77 + 9?
-a07b6a
In base 4, what is 102 + -2010101232?
-2010101130
In base 11, what is 12669a24 + -3?
12669a21
In base 8, what is 14 - -35015462?
35015476
In base 7, what is 3 + -333135?
-333132
In base 8, what is -22 - 260476?
-260520
In base 13, what is -29 - 26a37?
-26a63
In base 4, what is 3213231323 + 13?
3213232002
In base 13, what is -224875b + -1?
-224875c
In base 11, what is -4571795 + -3?
-4571798
In base 15, what is b + -2308c?
-23081
In base 7, what is 620516323 + -1?
620516322
In base 8, what is -155 + 13364?
13207
In base 7, what is -4104 - 2105?
-6212
In base 13, what is -3a15 - -2c1?
-3724
In base 10, what is 408 - -8907?
9315
In base 7, what is -60 - 65325646?
-65326036
In base 2, what is -110100001001010010100001 + 10?
-110100001001010010011111
In base 8, what is 11 + -65707154?
-65707143
In base 9, what is -20172 - 22?
-20204
In base 10, what is -4 - 3866440?
-3866444
In base 9, what is -471880 + -5?
-471885
In base 10, what is -343 + -176181?
-176524
In base 12, what is -411 + 5?
-408
In base 5, what is -44 - 13420421?
-13421020
In base 4, what is -120 - -2032221132023?
2032221131303
In base 3, what is -10202011 + -10201022?
-21110110
In base 4, what is 1211 + -1110131123?
-1110123312
In base 4, what is -10212032232 - 103?
-10212033001
In base 9, what is -20 + 3168241?
3168221
In base 10, what is 5 - 16786699?
-16786694
In base 7, what is -4515 - 3263?
-11111
In base 7, what is 62404 + 3355?
66062
In base 13, what is 6418 + -339a?
304b
In base 14, what is 388b - 1a4?
36c7
In base 14, what is 24d0 - -5c9c?
838c
In base 7, what is -144661 - -115?
-144543
In base 4, what is -1332223021332 + 2?
-1332223021330
In base 14, what is -4a2d128 - -11?
-4a2d117
In base 5, what is -420 - -11001201?
11000231
In base 2, what is 10101101000000100001010110110 + -10?
10101101000000100001010110100
In base 15, what is -6 - -6477cd?
6477c7
In base 8, what is 3747377 - -221?
3747620
In base 7, what is -103613304 - -310?
-103612664
In base 15, what is 232 - -9358?
958a
In base 6, what is -502233 - 2411?
-505044
In base 13, what is 15378653 + -4?
1537864c
In base 11, what is 252 - 214133?
-213991
In base 14, what is 2 - -4d7d0?
4d7d2
In base 12, what is -5 + 10b9267?
10b9262
In base 11, what is 8a + 1a77811?
1a778a0
In base 10, what is -1 + -17685920?
-17685921
In base 12, what is -46271 + -23?
-46294
In base 5, what is 1 - 202413304423?
-202413304422
In base 5, what is -1032201330 + -2304?
-1032204134
In base 16, what is -3c0089b + -4?
-3c0089f
In base 4, what is 1003033 - -12202122?
13211221
In base 6, what is 24214403311 - -1?
24214403312
In base 9, what is 2480 + -225032?
-222442
In base 2, what is -10000110111101010 + -1111100100101?
-10010110100001111
In base 4, what is -21 + 22010113322?
22010113301
In base 4, what is 12020031100 - -11?
12020031111
In base 10, what is -201728416 - 3?
-201728419
In base 5, what is -413424124 + 4?
-413424120
In base 9, what is -1224650 - -42?
-1224607
In base 9, what is 6455 + 25265?
32731
In base 6, what is -11 - 14253315?
-14253330
In base 8, what is 3122033 - 1043?
3120770
In base 9, what is -3388476 - -41?
-3388435
In base 10, what is -4014 - -875?
-3139
In base 4, what is 3022 - -1100231?
1103313
In base 14, what is 32b0b + 3a?
32b47
In base 16, what is -dd6 + -1e02?
-2bd8
In base 16, what is 813ca78 - 4?
813ca74
In base 11, what is 0 - 5611980?
-5611980
In base 2, what is 1000011110 - -10001011101110111?
10001100110010101
In base 8, what is -213672754 - 5?
-213672761
In base 10, what is -1543 - 13441?
-14984
In base 13, what is 1 - 18a14314?
-18a14313
In base 10, what is -164235 - -2245?
-161990
In base 8, what is -663231 - 166?
-663417
In base 7, what is 130534 + 56602?
220436
In base 12, what is -3 + 73b3362?
73b335b
In base 3, what is 20201120022102 + -10?
20201120022022
In base 13, what is -2435a72 - -16?
-2435a59
In base 13, what is -4 - -204767?
204763
In base 12, what is 113373bb + 5?
11337404
In base 2, what is -1011011 + 1000011011011101111?
1000011011010010100
In base 8, what is 3 + 202115754?
202115757
In base 6, what is 1 - -20453245505?
20453245510
In base 7, what is -10 + -522040013?
-522040023
In base 7, what is 12141 - -103204?
115345
In base 9, what is 5 + -63022127?
-63022122
In base 16, what is 0 - -1727fb?
1727fb
In base 7, what is 20 + -154204126?
-154204106
In base 7, what is 52055221 - -6?
52055230
In base 5, what is 112 - -121431104?
121431221
In base 10, what is -5394 - -44853?
39459
In base 4, what is -2031100 - -21112130?
13021030
In base 16, what is -695 - 5317?
-59ac
In base 15, what is 35 + 296d9?
2971e
In base 4, what is 1232330233 - -111?
1232331010
In base 14, what is -4244311 - -2?
-424430d
In base 3, what is 22122112220020 - -2222?
22122120000012
In base 6, what is -1 - 20023424?
-20023425
In base 2, what is -11111011001000 + -110000010110?
-100101011011110
In base 11, what is 40 + 69a1?
6a31
In base 6, what is -12013 + -12325?
-24342
In base 7, what is -1052141 - -3611?
-1045230
In base 6, what is -1015542132 - 2?
-1015542134
In base 12, what is a300 + a4?
a3a4
In base 7, what is -51434 - 13212?
-64646
In base 16, what is f4edd - 2?
f4edb
In base 5, what is -13123 - 412110?
-430233
In base 3, what is 102001201220 - 1201?
102001200012
In base 15, what is -3 + 576839?
576836
In base 2, what is 100111010011001000 - 1100000110?
100111000111000010
In base 8, what is 6 + -61222101?
-61222073
In base 3, what is -10111022210110 - -2?
-10111022210101
In base 9, what is 3 + 40050705?
40050708
In base 3, what is -2 + 1011110120010212?
1011110120010210
In base 10, what is 58 - 168409?
-168351
In base 13, what is -62b + -b2?
-710
In base 5, what is 20 + 233012214?
233012234
In base 10, what is -6202 + 8675?
2473
In base 2, what is 101 - 10010101001001011010100001?
-10010101001001011010011100
In base 16, what is 0 + 2ba60b?
2ba60b
In base 12, what is 3 - 292269?
-292266
In base 15, what is -3 - 9160b?
-9160e
In base 16, what is 6dd651 + 5e?
6dd6af
In base 8, what is -42332651 - -106?
-42332543
In base 13, what is 1c7574 + 5?
1c7579
In base 12, what is -93401 + 1b?
-933a2
In base 6, what is 351 + 23202523?
23203314
In base 13, what is -1c3701a + 2?
-1c37018
In base 9, what is -4 + -10146576?
-10146581
In base 12, what is 2268678 - 65?
2268613
In base 14, what is -1 - 1356454b?
-1356454c
In base 16, what is 23de5 - -8f7?
246dc
In base 15, what